 285 = z, 57 + 33 = q + 4*z. What is the remainder when q is divided by w(4)?
13
What is the remainder when ((-154)/(-6) + 1)*(-36)/(-30) is divided by 12?
8
Let j = 198 + -114. Suppose -2*t + 6*t - j = 0. Calculate the remainder when t is divided by 8.
5
Let x(z) = z**2 + z - 37. What is the remainder when 131 is divided by x(7)?
17
Let j(q) = 2*q - 53 + 48 + 2*q. What is the remainder when j(7) is divided by 12?
11
Let w(m) = -m + 14. Let y be w(10). Let n be (-76)/(-6) + y/12. Let h = -3 + n. What is the remainder when 19 is divided by h?
9
Suppose 3*a - 5*a = 0. Suppose a = 5*g - 24 - 341. Calculate the remainder when g is divided by (-7)/(28/20)*-5.
23
Let x(i) = -i**2 - 68*i - 32. What is the remainder when x(-24) is divided by 25?
24
Let u(b) = -b**3 + 12*b**2 + 15*b + 15. Suppose -5*z = 3*r - 3 - 11, z = -r + 8. What is the remainder when 245 is divided by u(r)?
40
Let t(v) = -v**3 + 53. Calculate the remainder when t(0) is divided by 36.
17
Let g = 20 + -20. Calculate the remainder when 71 + g/(-2)*-1 is divided by 12.
11
Let f(h) = -5*h - 2. Calculate the remainder when 911 is divided by f(-1).
2
Let z(c) = -c**3 + 2*c**2 + c. Calculate the remainder when 50 is divided by z(-2).
8
Let y be -4 - 38/(-10) - (-102)/10. Let q(l) = l**3 - 10*l**2 + 2*l - 14. Calculate the remainder when 11 is divided by q(y).
5
Let o = -385 - -404. What is the remainder when 73 is divided by o?
16
What is the remainder when ((-1430)/(-20) - 8)*2 is divided by 13?
10
Let c(q) = 3*q - 4. Let v be c(2). Suppose 0 = 3*r - 23 + v. Calculate the remainder when r is divided by 5.
2
Suppose -3*r + 6*r + 69 = -3*h, -12 = 3*r. Let c = 0 - h. What is the remainder when 111 is divided by c?
16
Let y(u) = -u**2 - 11*u + 17. Calculate the remainder when 53 is divided by y(-12).
3
Let n(w) = w**2 + 2*w + 10. Let f be ((-9)/12)/(-1 - 20/(-16)). Calculate the remainder when 42 is divided by n(f).
3
Let c = 158 + -142. Let w = 29 - 0. Calculate the remainder when 12 is divided by c/(-20) - w/(-5).
2
Let r(m) be the second derivative of m**5/20 + 2*m**4/3 + m**3/6 + 8*m**2 - 6*m. What is the remainder when r(-7) is divided by 30?
28
Let n = -70 - -36. Let l = n + 58. Calculate the remainder when l is divided by 16.
8
Let n = 87 + -48. Let m = n - 1. Let a = m - 22. Calculate the remainder when 44 is divided by a.
12
Suppose d = 24 + 14. Calculate the remainder when 111 is divided by d.
35
Suppose -248 = -k - 207. Let j = -13 - -27. Calculate the remainder when k is divided by j.
13
Let n = -1825 - -1860. What is the remainder when 294 is divided by n?
14
What is the remainder when (-6 + 5 - 10) + 226 is divided by 10?
5
Let c(w) = 5*w - 6. Suppose 0*d = 2*d - 8. Let v be c(d). Suppose 5*a - 84 = -v. Calculate the remainder when 41 is divided by a.
13
Suppose 0 = -4*h - 6*g + 2*g + 24, 2 = -h + g. Let o(l) = 4*l - 4*l + 0 + 46*l**h - 1. What is the remainder when o(1) is divided by 16?
13
Suppose 2 = -l, -k - 2*l + l - 23 = 0. Let p(t) = 4*t**3 + 2*t**2 - 3*t + 3. Let q be p(2). Let r = k + q. Calculate the remainder when 29 is divided by r.
13
Suppose 5*j - 2*x + 0*x - 107 = 0, 3*j = x + 65. Calculate the remainder when 91 is divided by j.
22
Suppose -5*w = -0*w - 50. Suppose -w = 3*m - 112. Calculate the remainder when m is divided by 12.
10
Suppose 0 = p + 3, 0 = -3*t - 3*p + 3 + 9. Let n(f) = -f**2 + 8*f - 3. Suppose 28 = 12*x - 8*x. Calculate the remainder when x is divided by n(t).
3
Let t(c) = 15 - 18*c + 5*c + 12*c. Let w be t(13). Suppose -d = 2*j - 7, w*d - 5 = -3*j + 5. What is the remainder when j is divided by 2?
0
Suppose 185*z - 189*z + 460 = 0. What is the remainder when z is divided by 14?
3
Let q = 149 - 85. Calculate the remainder when q is divided by 42.
22
Let c(q) = q**3 + 18*q**2 + 5*q + 104. What is the remainder when 26 is divided by c(-18)?
12
Let g(z) = 10 + 8 + 2*z - 4*z + 19. Calculate the remainder when 41 is divided by g(8).
20
Calculate the remainder when 4/10 - 98/(-5) is divided by -3 + 1 + 6 + 2/1.
2
Let b(p) = 2*p**3 - 18*p**2 + 36*p + 3. Calculate the remainder when ((-4)/5)/(2/(-15)) is divided by b(6).
0
Let t = 1143 - 1126. What is the remainder when 1034 is divided by t?
14
Suppose 0 = -4*o + 5*u + 412, 16*o = 20*o + 2*u - 412. Calculate the remainder when o is divided by 32.
7
Let s(t) = t**3 + 11*t**2 + 16. Let b be s(-11). Let z be 18/(-6)*b/3. Let o = z + 31. Calculate the remainder when 58 is divided by o.
13
Suppose 0*p - 10 = -5*p, -4*w + 10 = -5*p. Suppose k - 20 = -w. Calculate the remainder when -60*(0 + (-30)/25) is divided by k.
12
Suppose -64*o = 3*o - 13132. Calculate the remainder when o is divided by 25.
21
Let h = -42 + 26. Suppose 0 = -6*f + 2*f + 24. Calculate the remainder when 6 is divided by h/f*9/(-6).
2
Let x(u) = 5*u**2 + 11*u + 16. Let d be x(-7). Calculate the remainder when (-3)/(((-108)/d)/9) is divided by 12.
10
Suppose -14 = -5*f + 11. Calculate the remainder when 48 is divided by (-39)/(-6)*(f/(-5) - -3).
9
Let o(c) be the third derivative of -c**5/60 - 5*c**4/12 - 5*c**3/6 + 34*c**2. What is the remainder when 17 is divided by o(-8)?
6
Suppose -2*m - 10 = 0, s + 4*m = 5*s + 148. Let j = s + 62. Calculate the remainder when j is divided by 22*1/2 - 0.
9
Calculate the remainder when 632/5 - (330/(-50) - -7) is divided by 42.
0
Suppose -125*j + 135*j - 220 = 0. Calculate the remainder when 371 is divided by j.
19
Let o(v) = 7*v**2 + 4*v + 2. Calculate the remainder when ((-2)/(-26))/(137/375791) is divided by o(-3).
52
Suppose 2*i = c - 125, -6*c + 7*c - 5*i = 134. Let a = c - 111. What is the remainder when 126 is divided by a?
6
Let m(t) = -t**3 + 45*t**2 + 201*t + 90. Calculate the remainder when m(49) is divided by 70.
55
Suppose -2*n + 56 = 5*h, -3 + 1 = -n + 4*h. What is the remainder when 105 is divided by n?
15
What is the remainder when 116 is divided by 33 - (-10)/((-70)/21)?
26
Let m = -119 + 37. What is the remainder when m/(-3 + 2) + 1 is divided by 21?
20
Suppose -137*u = -41*u - 32640. Calculate the remainder when u is divided by 43.
39
Suppose -4*u + 3*q + 104 = 0, -u = 3*q + 6 - 32. Suppose -2*p = -4*p + u. Suppose -5 - 20 = -5*d. What is the remainder when p is divided by d?
3
Let i(d) = 9*d - 12*d - 7*d**2 + 17*d**2 + 2. Suppose -26 - 110 = -4*g. Calculate the remainder when g is divided by i(1).
7
Let t = 630 + -589. What is the remainder when 654 is divided by t?
39
Let y be ((-4)/6)/(8/(-12)). Let u(c) = -11*c - 171. What is the remainder when u(-18) is divided by ((-21)/6)/(y/(-2))?
6
Suppose -6*d = 6 - 36, i = d + 4. Suppose 53 - 131 = -3*u. Calculate the remainder when u is divided by i.
8
Let n(i) = -9 - i**2 + 4*i**2 + i**2 - 3*i**2 + 14*i. Calculate the remainder when n(-15) is divided by 5.
1
Let v be (-15)/(-2)*18/(-15). Let r = v - -22. Suppose i - 84 = 3*j, -i + 110 = 3*j + 14. What is the remainder when i is divided by r?
12
Suppose -3*g + 351 = 279. What is the remainder when 100 is divided by g?
4
Suppose 11665*g - 24 = 11653*g. Let n be -1 + -1 - (0 + -1). Let r = 0 - n. What is the remainder when g is divided by r?
0
Let w(i) = 47*i + 401. What is the remainder when 36/(3/(-12)*-2) is divided by w(-8)?
22
Suppose 0 = -5*i + i + 156. Let y(h) = -2 - 12*h + h**2 + 9*h - h**3 + 3*h**2 + 4*h. Calculate the remainder when i is divided by y(3).
9
Let h = 5 + 8. Let t = 17 - h. Calculate the remainder when 8 is divided by t.
0
Let z(n) = n**3 + 9*n**2 + 6*n + 5. Let o be z(-8). Let u = o + -15. Suppose 5*k + c = 24, -4*c + 12 = -2*k + c. What is the remainder when u is divided by k?
2
Suppose -2*z = 2*z + 188. Let l = -32 - z. Calculate the remainder when l is divided by 3.
0
Let z(r) = -r**2 - 5*r + 3. Let c = 5011 - 5009. What is the remainder when z(-5) is divided by c?
1
Let k = -1308 - -1320. Suppose 3*l - 284 = -l. Calculate the remainder when l is divided by k.
11
Let n(s) = 5*s**2 - 28*s - 15. Calculate the remainder when 67 is divided by n(7).
33
Let t = -55 + 53. Calculate the remainder when 41 is divided by t - (-2)/(2/9).
6
Suppose -2*f + 5*c + 10 = -55, 2*c = 3*f - 70. Suppose 5*u = 3*m - 562, -2*m + u + 123 = -247. Let o = m - 126. What is the remainder when o is divided by f?
18
Suppose -45 = n - 3*m, -3*n - 5*m = -6*n - 143. Let h be -2 + 2/(4/146). Let q